{"id":117,"date":"2022-07-27T11:14:11","date_gmt":"2022-07-27T09:14:11","guid":{"rendered":"https:\/\/www.szkoleniatotum.pl\/?page_id=117"},"modified":"2023-03-03T20:11:41","modified_gmt":"2023-03-03T19:11:41","slug":"o-mnie","status":"publish","type":"page","link":"https:\/\/www.szkoleniatotum.pl\/index.php\/o-mnie\/","title":{"rendered":"O mnie"},"content":{"rendered":"\t\t<div data-elementor-type=\"wp-page\" data-elementor-id=\"117\" class=\"elementor elementor-117\">\n\t\t\t\t\t\t\t\t\t<section data-particle_enable=\"false\" data-particle-mobile-disabled=\"false\" class=\"elementor-section elementor-top-section elementor-element elementor-element-6fb1886 elementor-section-boxed elementor-section-height-default elementor-section-height-default\" data-id=\"6fb1886\" data-element_type=\"section\" id=\"content\" data-settings=\"{&quot;background_background&quot;:&quot;classic&quot;}\">\n\t\t\t\t\t\t<div class=\"elementor-container elementor-column-gap-no\">\n\t\t\t\t\t<div class=\"elementor-column elementor-col-100 elementor-top-column elementor-element elementor-element-ff2ba29\" data-id=\"ff2ba29\" data-element_type=\"column\" data-settings=\"{&quot;background_background&quot;:&quot;classic&quot;}\">\n\t\t\t<div class=\"elementor-widget-wrap elementor-element-populated\">\n\t\t\t\t\t\t\t\t<div class=\"elementor-element elementor-element-de96136 elementor-widget elementor-widget-heading\" data-id=\"de96136\" data-element_type=\"widget\" data-widget_type=\"heading.default\">\n\t\t\t\t<div class=\"elementor-widget-container\">\n\t\t\t<style>\/*! elementor - v3.6.5 - 27-04-2022 *\/\n.elementor-heading-title{padding:0;margin:0;line-height:1}.elementor-widget-heading .elementor-heading-title[class*=elementor-size-]>a{color:inherit;font-size:inherit;line-height:inherit}.elementor-widget-heading .elementor-heading-title.elementor-size-small{font-size:15px}.elementor-widget-heading .elementor-heading-title.elementor-size-medium{font-size:19px}.elementor-widget-heading .elementor-heading-title.elementor-size-large{font-size:29px}.elementor-widget-heading .elementor-heading-title.elementor-size-xl{font-size:39px}.elementor-widget-heading .elementor-heading-title.elementor-size-xxl{font-size:59px}<\/style><h2 class=\"elementor-heading-title elementor-size-default\">O mnie<\/h2>\t\t<\/div>\n\t\t\t\t<\/div>\n\t\t\t\t<div class=\"elementor-element elementor-element-ea10e62 elementor-widget elementor-widget-text-editor\" data-id=\"ea10e62\" data-element_type=\"widget\" data-widget_type=\"text-editor.default\">\n\t\t\t\t<div class=\"elementor-widget-container\">\n\t\t\t<style>\/*! elementor - v3.6.5 - 27-04-2022 *\/\n.elementor-widget-text-editor.elementor-drop-cap-view-stacked .elementor-drop-cap{background-color:#818a91;color:#fff}.elementor-widget-text-editor.elementor-drop-cap-view-framed .elementor-drop-cap{color:#818a91;border:3px solid;background-color:transparent}.elementor-widget-text-editor:not(.elementor-drop-cap-view-default) .elementor-drop-cap{margin-top:8px}.elementor-widget-text-editor:not(.elementor-drop-cap-view-default) .elementor-drop-cap-letter{width:1em;height:1em}.elementor-widget-text-editor .elementor-drop-cap{float:left;text-align:center;line-height:1;font-size:50px}.elementor-widget-text-editor .elementor-drop-cap-letter{display:inline-block}<\/style>\t\t\t\t<p style=\"text-align: left;\"><span style=\"color: #d38787;\"><strong><img decoding=\"async\" loading=\"lazy\" class=\"size-medium wp-image-180 alignright\" src=\"https:\/\/www.szkoleniatotum.pl\/wp-content\/uploads\/2023\/03\/ek-male-LI-294x300.png\" alt=\"\" width=\"294\" height=\"300\" srcset=\"https:\/\/www.szkoleniatotum.pl\/wp-content\/uploads\/2023\/03\/ek-male-LI-294x300.png 294w, https:\/\/www.szkoleniatotum.pl\/wp-content\/uploads\/2023\/03\/ek-male-LI.png 400w\" sizes=\"(max-width: 294px) 100vw, 294px\" \/>Moja praca<\/strong><\/span><\/p><p style=\"text-align: left;\">Kiedy w 1990 roku rozpoczyna\u0142am swoj\u0105 przygod\u0119 zawodow\u0105, nie mia\u0142am poj\u0119cia, \u017ce moj\u0105 pasj\u0105 b\u0119dzie praca z lud\u017ami w roli trenera \u2013 konsultanta (zajmuj\u0119 si\u0119 tym od 2005 roku). Moje mocne strony to 8-letnie do\u015bwiadczenie pracy w firmie z \u201eludzk\u0105 twarz\u0105\u201d oraz fakt, \u017ce zanim zacz\u0119\u0142am szkoli\u0107, pracowa\u0142am w biznesie na stanowiskach handlowych i mened\u017cerskich. Znam specyfik\u0119 pracy w r\u00f3\u017cnych bran\u017cach i na r\u00f3\u017cnych stanowiskach. Rozumiem problemy i oczekiwania firm. W oparciu o swoj\u0105 wiedz\u0119, do\u015bwiadczenie i przy wsp\u00f3\u0142pracy z klientem przygotowuj\u0119 optymalne propozycje wsparcia.<\/p><p style=\"text-align: left;\">Specjalizuj\u0119 si\u0119 w projektowaniu i prowadzeniu autorskich projekt\u00f3w rozwojowo-wdro\u017ceniowych z zakresu doskonalenia umiej\u0119tno\u015bci mi\u0119kkich, w obszarze \u201eludzkiej strony biznesu\u201d. Wspieram firmy w kszta\u0142towaniu \u015brodowiska pracy, sprzyjaj\u0105cego wsp\u00f3\u0142pracy r\u00f3\u017cnych pokole\u0144, poprzez wzmacnianie mi\u0119kkich aspekt\u00f3w zarz\u0105dzania.<\/p><p style=\"text-align: left;\"><span style=\"color: #d38787;\"><strong>Dlaczego projekty rozwojowo-wdro\u017ceniowe, szkolenia?<\/strong><\/span><\/p><p style=\"text-align: left;\">Praca szkoleniowca wymaga ci\u0105g\u0142ego rozwoju w\u0142asnego, poznawania ludzi, dba\u0142o\u015bci o relacje, wspierania innych w pokonywaniu trudno\u015bci, odkrywaniu mo\u017cliwo\u015bci oraz poprawie warunk\u00f3w ich pracy i \u017cycia. Z przyjemno\u015bci\u0105 obserwuj\u0119 zachodz\u0105ce w uczestnikach<br \/>i firmach zmiany, gdy sprawy niemo\u017cliwe na pocz\u0105tku, staj\u0105 si\u0119 finalnie mo\u017cliwe. Mi\u0142o zaskakuje mnie fakt, gdy uczestnicy, nawet<br \/>w trakcie przerw, gor\u0105co dyskutuj\u0105 nad r\u00f3\u017cnymi rozwi\u0105zaniami i sposobami ich zastosowania w praktyce.<\/p><p style=\"text-align: left;\"><span style=\"color: #d38787;\"><strong>Prywatnie.<\/strong><\/span><\/p><p style=\"text-align: left;\">\u201e\u0141aduj\u0119 akumulatory\u201d podczas d\u0142ugich spacer\u00f3w, w\u015br\u00f3d przyrody, zwierz\u0105t lub z ksi\u0105\u017ck\u0105 w r\u0119ku. Lubi\u0119 podr\u00f3\u017cowa\u0107 po pi\u0119knych zakamarkach Polski, spotyka\u0107 cudownych ludzi, oddycha\u0107 klimatami \u017ceglarskimi, sp\u0119dza\u0107 godziny na pogaduchach z przyjaci\u00f3\u0142mi, przy d\u017awi\u0119kach gitary, zachodzie s\u0142o\u0144ca i muzyce \u015bwierszczy \ud83d\ude42<\/p>\t\t\t\t\t\t<\/div>\n\t\t\t\t<\/div>\n\t\t\t\t\t<\/div>\n\t\t<\/div>\n\t\t\t\t\t\t\t<\/div>\n\t\t<\/section>\n\t\t\t\t\t\t\t<\/div>\n\t\t","protected":false},"excerpt":{"rendered":"<p>O mnie Moja praca Kiedy w 1990 roku rozpoczyna\u0142am swoj\u0105 przygod\u0119 zawodow\u0105, nie mia\u0142am poj\u0119cia, \u017ce moj\u0105 pasj\u0105 b\u0119dzie praca z lud\u017ami w roli trenera \u2013 konsultanta (zajmuj\u0119 si\u0119 tym od 2005 roku). Moje mocne strony to 8-letnie do\u015bwiadczenie pracy w firmie z \u201eludzk\u0105 twarz\u0105\u201d oraz fakt, \u017ce zanim zacz\u0119\u0142am szkoli\u0107, pracowa\u0142am w biznesie na [&hellip;]<\/p>\n","protected":false},"author":1,"featured_media":0,"parent":0,"menu_order":0,"comment_status":"closed","ping_status":"closed","template":"elementor_header_footer","meta":[],"_links":{"self":[{"href":"https:\/\/www.szkoleniatotum.pl\/index.php\/wp-json\/wp\/v2\/pages\/117"}],"collection":[{"href":"https:\/\/www.szkoleniatotum.pl\/index.php\/wp-json\/wp\/v2\/pages"}],"about":[{"href":"https:\/\/www.szkoleniatotum.pl\/index.php\/wp-json\/wp\/v2\/types\/page"}],"author":[{"embeddable":true,"href":"https:\/\/www.szkoleniatotum.pl\/index.php\/wp-json\/wp\/v2\/users\/1"}],"replies":[{"embeddable":true,"href":"https:\/\/www.szkoleniatotum.pl\/index.php\/wp-json\/wp\/v2\/comments?post=117"}],"version-history":[{"count":10,"href":"https:\/\/www.szkoleniatotum.pl\/index.php\/wp-json\/wp\/v2\/pages\/117\/revisions"}],"predecessor-version":[{"id":183,"href":"https:\/\/www.szkoleniatotum.pl\/index.php\/wp-json\/wp\/v2\/pages\/117\/revisions\/183"}],"wp:attachment":[{"href":"https:\/\/www.szkoleniatotum.pl\/index.php\/wp-json\/wp\/v2\/media?parent=117"}],"curies":[{"name":"wp","href":"https:\/\/api.w.org\/{rel}","templated":true}]}}